 is the units digit of (5*2)/((-12)/(-42))?
5
Suppose -236 = 15*n - 19*n. What is the units digit of n?
9
Let o be (1 + 1)*(-6)/(-4). Let j(f) be the third derivative of f**6/120 - f**5/20 + f**4/12 - 2*f**2. What is the units digit of j(o)?
6
What is the units digit of (-1 - 0)*(5 - 80)?
5
What is the units digit of 74/1 + -2 + 4?
6
What is the tens digit of (-2)/(-4) - (-602)/28?
2
What is the tens digit of 8/(-4) - 0 - -20?
1
Let m(s) = s**3 + 5*s**2 + 5*s + 5. Let q be m(-4). Suppose -5*u + q + 54 = 0. What is the units digit of u?
1
Suppose z - 3*d = -10, -4 = -4*z + 2*d - d. Let n(b) = b**2 + b + 3. What is the units digit of n(z)?
9
Suppose 5*n + 33 = i, -5*i + 3*n + 2*n = -165. What is the tens digit of i?
3
Let p be 8*(1 + 3/(-12)). What is the units digit of (p - 1)*(-6)/(-5)?
6
Let f(d) = -5*d - 1. Let h = 9 - 6. Suppose 3*k + 13 = -5*m + 4*k, h = k. What is the units digit of f(m)?
9
Suppose 5 = -r - 3*j, 0*r - 2*j = 4*r + 10. Let f be 0*(2 + 3/r). Suppose -5*i = -f*i - 20. What is the units digit of i?
4
Let x(d) = -2 + 4 + 2 - 2*d + 6. What is the tens digit of x(-9)?
2
Suppose 2*y - y + 2*r - 11 = 0, 0 = -5*y + r + 77. Suppose 0 = 4*x - 0*x. Suppose -y = -x*w - w. What is the tens digit of w?
1
Suppose 0 = 4*y - 56 - 24. Suppose -2*k - 2*k = -y. Suppose -n + 1 = -k. What is the units digit of n?
6
Suppose -4*x - 265 = -5*q, 105 = -x - 2*q + 42. Let z = x - -100. What is the units digit of z?
5
Let x be (-60)/(-8)*(-2)/(-3). Suppose -x*m + 0*m + 70 = 0. What is the tens digit of m?
1
Let p = 14 - -4. Let h = 40 - p. Suppose -6 = 4*g - h. What is the units digit of g?
4
Let l(q) = -q**2 - q + 40. Let r be l(0). Let c = r - 18. What is the units digit of c?
2
Let j = -4 + 2. Let m = j + 4. Suppose -m*d = -6, -d = -5*c + 4*d + 10. What is the units digit of c?
5
Let t(f) = f**2 + 2*f - 3. Let k be t(-4). Suppose w + a = 16 + 3, 4*w = -k*a + 81. Suppose o - 6 = w. What is the units digit of o?
0
Let p(t) = 53*t**3 + 2*t**2 + 2*t + 1. Let k be p(-1). What is the units digit of 8/k - 498/(-26)?
9
Suppose h - 3*h + 108 = 0. What is the tens digit of h?
5
Let g(h) = h**3 + 9*h**2 + 8*h + 2. Let x be g(-8). Suppose -20 = -x*b - 4*l + 4, 24 = 4*b + 2*l. What is the units digit of b?
4
Suppose 3*t + 3*s + 3 = 0, -2*t = s - 4 + 3. Suppose 0 = t*q + 8, 0*q = 4*r + 2*q - 144. What is the units digit of r?
8
Suppose 8*g = 3*g. Suppose -s = -2*q - g*q + 5, q + 11 = 5*s. Let x(c) = c**3 - 3*c**2 - 2*c - 2. What is the units digit of x(q)?
6
Let a be 6*12/(-8)*5/(-9). Suppose -5*u = -0*u - 25. Suppose -2*r - 4*h = -r - u, a = r - 4*h. What is the units digit of r?
5
Let u(a) = 6*a**3 + a**2 - 2*a + 1. Let p be u(1). Let b(n) = n**3 - 6*n**2 + n. What is the units digit of b(p)?
6
Let w = -9 + 4. Let s(m) = -2*m - 4. What is the units digit of s(w)?
6
Suppose 0 = -k + s - 2*s - 1, 4*k + 11 = 3*s. Let o = k + -4. Let l = o - -11. What is the units digit of l?
5
Suppose 9 = 3*s + 3*j - 5*j, j = -3*s + 9. Suppose -u + 16 = s*u. Suppose 0 = 2*x, 40 = -0*p + u*p + 4*x. What is the units digit of p?
0
Let l be 366/21 + (-3)/7. Let b = l - 15. What is the units digit of b?
2
Let a(c) = -c + 2. Let v be a(3). Let p be ((-6)/(-5))/(v/5). What is the units digit of -8*((-15)/p)/(-5)?
4
Let u = -72 + 391. What is the hundreds digit of u?
3
Let v = 4 + 20. What is the units digit of v?
4
Let j(t) be the first derivative of t**2 - 2*t - 4. Let a be j(9). What is the tens digit of (-162)/(-8) - (-12)/a?
2
Suppose 2*y + 5*q + 3 = 0, 25 = -4*q - q. Let o = y - 6. What is the units digit of o?
5
Let q(w) = w**3 - 3*w**2 - 3*w + 5. Suppose -4*z - 4*m = -28, -2*z + 16 = -0*z + 3*m. Let o be q(z). Let d = 62 - o. What is the tens digit of d?
2
Let i(w) = 2*w**2 + 5*w + 2. Let h be i(-3). Suppose 0 = -5*f - 5*v, h*f = -0*f + 4*v + 36. What is the units digit of f?
4
Suppose -3*m - 15 = -6*m. Suppose 15 = 4*w - 3*h - 8, 0 = m*w - 4*h - 30. Suppose -4*x + 40 = -3*c - 2*c, w*c - 7 = -3*x. What is the units digit of x?
5
Let c(s) = -s**2 - 5*s - 5. Let t(h) = h**2 + 2*h + 2. Let f(m) = -3*c(m) - 5*t(m). Let x be f(5). What is the units digit of (x/12)/((-2)/18)?
5
Let b = -33 - -46. Let x = -8 + b. Suppose 6*f + x*r - 20 = 2*f, 4*r + 46 = 3*f. What is the units digit of f?
0
Let w(x) = 2*x + 5. Let p be w(7). Suppose 2*s + p = 77. What is the units digit of s?
9
Let l = 22 - 15. Let n = l + 7. What is the tens digit of n?
1
Let w(j) = -5*j**2 - 12 - 4*j**2 - 9*j + j**3 - j**2. What is the units digit of w(11)?
0
Let j(f) = -f**3 + 3*f**2 + 2*f + 2. Let y be (3/(-2))/(6/8). What is the units digit of j(y)?
8
Let w(d) = d**3 + 3*d**2 - 4*d - 1. Let k(v) = -v**3 + 4*v - 3. Let s be k(2). What is the tens digit of w(s)?
1
Let z = 11 + -5. Let y(m) = 2*m. Let u be y(z). Let b = u - 5. What is the units digit of b?
7
Let q(z) = -z**2 - 16*z. Let p be q(-10). Suppose s = -4*s + p. Let g(n) = 2*n - 14. What is the tens digit of g(s)?
1
Suppose 4*z = 4 + 452. Suppose -3*q + 4*b + z = -0*b, 4*q + 2*b = 174. What is the tens digit of q?
4
Suppose -7*q = -4*q - 15. Let m be ((-1 - -2) + -1)/2. Suppose t - q = -m. What is the units digit of t?
5
Suppose 4*d + d - 2*h - 120 = 0, 0 = 2*h + 10. What is the units digit of d?
2
Suppose 23*i - 26*i + 246 = 0. What is the units digit of i?
2
Let d = 1 + -2. Let u be 1*(1 + -1 - -3). Let o = u + d. What is the units digit of o?
2
Suppose -3*k - 9 = 5*x, -4*k - x - 10 = 2. Let y be (1 - -19)*(k + 4). Let d = -2 + y. What is the units digit of d?
8
Let g(t) = 10*t + 9. What is the tens digit of g(4)?
4
Let d = 9 - 2. Let y be (-30)/(-7)*98/d. Suppose -4*u + y = u. What is the units digit of u?
2
Suppose -365 = -0*i - 2*i - r, -350 = -2*i + 2*r. Suppose 0*w = -5*w + i. What is the tens digit of w?
3
Let r = -2 + -1. Let j = 1 + r. What is the tens digit of j/(-5) - (-192)/20?
1
Let x(o) be the first derivative of -o**2 + o - 1. What is the units digit of x(-4)?
9
Let x = 191 - 109. What is the tens digit of x?
8
Let k(c) = 3*c**2 - 3 - c**3 - 2*c**2 + 6*c + 2*c**2. Let n be k(4). Suppose n*p - 1 - 4 = 0. What is the units digit of p?
1
Let z(y) = y - 4. Let a be z(7). Suppose -o + 20 = a*l, -2*o + 8 + 18 = -l. What is the units digit of o?
4
Let g = 1 - 1. Let y = -4 + g. Let m = 7 + y. What is the units digit of m?
3
Let h(p) = -p + 14. Suppose 5*n + 5*y = 50, 3*y + 8 = -4*n + 45. What is the units digit of h(n)?
7
Suppose -24 + 9 = -5*i. Let s = 5 - i. Suppose -2*j = s*d + 3*d - 4, d = -4*j + 26. What is the units digit of j?
7
Let m(u) = -u**3 - 27*u**2 + 26*u - 7. What is the units digit of m(-28)?
9
Let p(k) = -64*k**3 + 2*k + 1. What is the units digit of p(-1)?
3
Let y(z) = 2*z**2 + z - 2. Let r be y(-2). Suppose -5*l = -u + r + 9, 0 = 5*l + 5*u + 25. Let x = l + 14. What is the tens digit of x?
1
Let s = -45 - -66. What is the tens digit of s?
2
Let i(h) = -h**2 - 9*h - 5. Suppose -3*p + 2*p = 7. What is the units digit of i(p)?
9
Suppose 0 = -4*p - 5*y + 169 + 188, -5*y = 15. What is the units digit of p?
3
Let v(m) = 8*m**2 + 3*m - 10. What is the hundreds digit of v(-5)?
1
Let z be 5/((-10)/4) - -2. Let a(i) = -i**2 - 6*i - 5. Let v be a(-4). Let c = v - z. What is the units digit of c?
3
Let y be (2/(-2))/(7/35). What is the units digit of (-2)/y - 234/(-15)?
6
Let u = 4 - 2. Let y = 2 - u. Suppose -15 = -5*x + 3*n + 32, y = -4*x + 3*n + 40. What is the units digit of x?
7
What is the tens digit of -25*(-1 + 2 + -2)?
2
What is the units digit of 233/7 - (-8)/(-28)?
3
Suppose -c + 140 = 4*n, -3*c = -3*n - 2*n + 192. Let l = -24 + n. What is the tens digit of l?
1
Suppose 8 = -4*t, -2*m + 0*m + 2*t + 14 = 0. Suppose 40 = m*x + 10. What is the units digit of x?
6
Let d = 3 - 3. Suppose 0 = 2*o, -b + 3*b + 4*o = d. Suppose t + 2*t - 24 = b. What is the units digit of t?
8
Let m(b) = b**3 + 11*b**2 - 13*b + 4. Let w be m(-12). Suppose -3*p + w - 4 = 0. What is the units digit of p?
4
Suppose 1 = o + 5, -x + 48 = 3*o. What is the units digit of x?
0
Let u(o) = -3*o - 31. What is the units digit of u(-18)?
3
Let c(j) = -3*j**2 + 3*j + 1. Let t be c(4). Let h = t + 57. What is the tens digit of h?
2
Suppose 0*x - 3*x + 168 = 0. What is the tens digit of x?
5
Let h = -12 - -7. Let z(c) = -2*c - 7. Let j be z(h). Suppose 0 = -0*g - j*g + 1